8
In base 11, what is 11 + 27?
38
In base 3, what is 111102 + -2?
111100
In base 13, what is 0 - 68?
-68
In base 3, what is 20210111 + 10?
20210121
In base 5, what is 23332 + -1?
23331
In base 7, what is -2 + -1041?
-1043
In base 12, what is b5 - -2?
b7
In base 15, what is 5 - -176?
17b
In base 11, what is 32 + -2?
30
In base 4, what is -3 - 110?
-113
In base 3, what is -10101 - 1?
-10102
In base 8, what is 2 - -216?
220
In base 15, what is -1 - bc?
-bd
In base 5, what is -1022 - 4?
-1031
In base 8, what is -1 + 15520?
15517
In base 8, what is 3 - 63?
-60
In base 12, what is -2ab - -5?
-2a6
In base 3, what is -1120022 - -12?
-1120010
In base 12, what is -10 - 5?
-15
In base 16, what is 9 + 38?
41
In base 5, what is -10310 + 4?
-10301
In base 12, what is -484 + b?
-475
In base 6, what is 5 - 1334?
-1325
In base 6, what is 0 + 10?
10
In base 9, what is -26 - -52?
25
In base 9, what is -1341 + -7?
-1348
In base 8, what is -70 - 3?
-73
In base 15, what is 61b + -2?
619
In base 4, what is -1 + 1121300?
1121233
In base 6, what is -13 - -1?
-12
In base 2, what is -101011101 - 111?
-101100100
In base 16, what is 38b - 1?
38a
In base 13, what is 1 + 525?
526
In base 9, what is 802 - 3?
788
In base 12, what is 4 + 28?
30
In base 15, what is -c9 + 0?
-c9
In base 10, what is 19 + -67?
-48
In base 3, what is 11 + 11222?
12010
In base 9, what is -5 - 53?
-58
In base 8, what is 3 + 46?
51
In base 6, what is -1 - 40230?
-40231
In base 7, what is 206 - 445?
-236
In base 11, what is 215 - 1?
214
In base 12, what is 792 + 5?
797
In base 6, what is -44 - 14?
-102
In base 12, what is -3 + -2b?
-32
In base 11, what is -23 + 14?
-a
In base 5, what is 0 + 3101?
3101
In base 12, what is 40 - 2?
3a
In base 13, what is 6 - c6?
-c0
In base 4, what is -12111 - -1?
-12110
In base 15, what is -4 + -3dd?
-3e2
In base 8, what is -4 - 131?
-135
In base 6, what is -1 + 4?
3
In base 15, what is -5 + 118?
113
In base 11, what is 1a - 29?
-a
In base 9, what is -75 - -2?
-73
In base 5, what is 3314 - -10?
3324
In base 8, what is -7 + 156?
147
In base 12, what is 24 - 5a?
-36
In base 13, what is -9c9 + 9?
-9c0
In base 14, what is b4 + -20?
94
In base 10, what is 0 + 51?
51
In base 7, what is -4 - -4425?
4421
In base 12, what is -234 - -1a?
-216
In base 6, what is 152 - -422?
1014
In base 9, what is 214 + 1?
215
In base 13, what is 8a - 6?
84
In base 13, what is 306 - -1?
307
In base 12, what is -1 - -9ba?
9b9
In base 7, what is -50 - 0?
-50
In base 11, what is a8 - 16a?
-72
In base 16, what is -e - f8?
-106
In base 13, what is 3 - -52?
55
In base 13, what is 1905 + 1?
1906
In base 5, what is 103 - 3?
100
In base 3, what is -1010 - 12?
-1022
In base 16, what is -4 + -56?
-5a
In base 16, what is 20 - 4?
1c
In base 5, what is 21414 + -1?
21413
In base 12, what is a - 322?
-314
In base 15, what is 2a11 + 5?
2a16
In base 3, what is 110 - 100221?
-100111
In base 4, what is -101 + -1221?
-1322
In base 13, what is 0 + ab?
ab
In base 2, what is -10 - 1010100?
-1010110
In base 14, what is -16 - -7?
-d
In base 2, what is 10111010 + 100?
10111110
In base 13, what is -a5 - -1a?
-88
In base 16, what is 199 + 3?
19c
In base 14, what is -12 + -9?
-1b
In base 3, what is 111020 - -10?
111100
In base 15, what is 8 + -d?
-5
In base 15, what is 95 - -e?
a4
In base 11, what is 224 + 1?
225
In base 10, what is 6 - -138?
144
In base 16, what is -4c - -1?
-4b
In base 5, what is -122 - -13?
-104
In base 14, what is -a8 + -2?
-aa
In base 12, what is 504b + -2?
5049
In base 10, what is 1 - -1942?
1943
In base 12, what is -22 + -2?
-24
In base 13, what is -5ba + -4?
-5c1
In base 10, what is 3 - 8994?
-8991
In base 12, what is -6 + -194?
-19a
In base 14, what is 1 - -c?
d
In base 2, what is -1011011 - -1110?
-1001101
In base 7, what is 3 + -11?
-5
In base 6, what is -14 - -5043?
5025
In base 5, what is -100 + -10?
-110
In base 4, what is 220 - -10?
230
In base 5, what is -34 + -1043?
-1132
In base 14, what is -2 + -2bb?
-2bd
In base 3, what is 122200 + -22?
122101
In base 15, what is 555b + -2?
5559
In base 9, what is 14 - 40?
-25
In base 5, what is 0 - 42011?
-42011
In base 8, what is -1403 + -1?
-1404
In base 11, what is 15 - -58?
72
In base 14, what is 5 - 46?
-41
In base 11, what is 44 + 16?
5a
In base 14, what is 13b26 - 5?
13b21
In base 13, what is cc8c + -3?
cc89
In base 15, what is -64e - -7?
-647
In base 14, what is 614 - -4?
618
In base 2, what is -1001 - -10011?
1010
In base 2, what is -101001 - 1001100?
-1110101
In base 3, what is -1 - 20?
-21
In base 15, what is 4 - -8b?
90
In base 9, what is 2 - 1411?
-1408
In base 13, what is 41 + 0?
41
In base 15, what is -10 + -1?
-11
In base 11, what is 0 + -32?
-32
In base 8, what is 467 + -2?
465
In base 13, what is 5 + -50?
-48
In base 12, what is 9 - 16?
-9
In base 15, what is -7e + -4?
-83
In base 8, what is -31 + -5?
-36
In base 10, what is 181 + -10?
171
In base 11, what is 48 + -34?
14
In base 8, what is 106 + -5?
101
In base 12, what is 6b6 + 4?
6ba
In base 14, what is 4 + 549?
54d
In base 13, what is 0 - 15?
-15
In base 16, what is c - -46?
52
In base 15, what is 67 - -10?
77
In base 9, what is 1331 - -3?
1334
In base 3, what is 10100120 + 10?
10100200
In base 3, what is -110 - -101212?
101102
In base 11, what is -580 + -5?
-585
In base 15, what is 4 - -2b4?
2b8
In base 10, what is -53 + -3?
-56
In base 11, what is 13 - 21?
-9
In base 14, what is 192 - 4?
18c
In base 15, what is -10c - -6?
-106
In base 6, what is -10 - 104?
-114
In base 15, what is -117 + -1?
-118
In base 7, what is -3363 - 2?
-3365
In base 16, what is -4 - 419?
-41d
In base 3, what is 1222 - -10?
2002
In base 7, what is 4 - -16422?
16426
In base 13, what is 15a + -2?
158
In base 8, what is 253 - 15?
236
In base 13, what is -12 + 19?
7
In base 11, what is 6 - 0?
6
In base 10, what is 0 + -28?
-28
In base 8, what is 1 - 2436?
-2435
In base 13, what is 115 - -1?
116
In base 4, what is 20 + -332?
-312
In base 7, what is -50 - -15?
-32
In base 6, what is -112 - -151?
35
In base 10, what is 6664 + 3?
6667
In base 14, what is 70 - -4?
74
In base 14, what is -3c0 - 1?
-3c1
In base 6, what is 21 - -1504?
1525
In base 10, what is -4 + 3825?
3821
In base 9, what is -4 + -3572?
-3576
In base 9, what is -16 - 7?
-24
In base 12, what is -1467 + 5?
-1462
In base 7, what is 4 + 66?
103
In base 7, what is -5 - 1015?
-1023
In base 6, what is 21230 + 2?
21232
In base 14, what is 4 - 5a?
-56
In base 14, what is -6 - 218?
-220
In base 13, what is 4798 - 4?
4794
In base 10, what is 151 + 8?
159
In base 14, what is -249 + a?
-23d
In base 14, what is 0 + 59?
59
In base 4, what is 2 + 113?
121
In base 15, what is c2 - -35?
107
In base 5, what is 1141 - 1?
1140
In base 3, what is -11 + -101020?
-101101
In base 6, what is 25 + -203?
-134
In base 15, what is -55e4 - 4?
-55e8
In base 10, what is -13 + -49?
-62
In base 8, what is -14 - 13?
-27
In base 8, what is -3 - -16?
13
In base 6, what is -101 - 2224?
-2325
In base 7, what is -1 + 32135?
32134
In base 13, what is -4 - -49c?
498
In base 15, what is -34a - 1?
-34b
In base 3, what is -20 + 2011012?
2010222
In base 13, what is 3 + 24ab?
24b1
In base 16, what is 4 + -239d?
-2399
In base 6, what is -52 - 3?
-55
In base 3, what is 101 - 2000?
-1122
In base 6, what is -5 + -531?
-540
In base 8, what is 32 + -11?
21
In base 2, what is -1001100 + 10000100?
111000
In base 2, what is 1 + 100?
101
In base 15, what is 2 + -40?
-3d
In base 12, what is 1a5 - -4?
1a9
In base 8, what is 7 + -60?
-51
In base 11, what is -15688 + 2?
-15686
In base 10, what is 3 + 132?
135
In base 11, what is -354 - -2?
-352
In base 9, what is -5 + -74?
-80
In base 10, what is 8 + -17?
-9
In base 10, what is 44 + 20?
64
In base 13, what is -3 + -3?
-6
In base 7, what is -12 - -4?
-5
In base 3, what is -10001 - -101?
-2200
In base 11, what is -22 - 7?
-29
In base 15, what is -12 + -51?
-63
In base 6, what is 134 - -1?
135
In base 7, what is 3 - -216?
222
In base 5, what is -30 + -104?
-134
In base 10, what is -82 + -14?
-96
In base 12, what is -16 + -60?
-76
In base 10, what is 6 + 21?
27
In base 9, what is -7 + 58?
51
In base 16, what is 1 + 9?
a
In base 14, what is 0 - -1b4?
1b4
In base 6, what is 14422 + -1?
14421
In base 8, what is -23 + 63?
40
In base 6, what is 1 - -31?
32
In base 6, w